653?
7
What is the ten millions digit of 376321428?
7
What is the hundreds digit of 803826987?
9
What is the tens digit of 1775469458?
5
What is the millions digit of 48677263?
8
What is the ten millions digit of 8642414994?
4
What is the hundreds digit of 41868821?
8
What is the ten millions digit of 415851759?
1
What is the ten thousands digit of 1908693079?
9
What is the hundreds digit of 67005567?
5
What is the thousands digit of 9930499?
0
What is the tens digit of 42446361?
6
What is the units digit of 360948563?
3
What is the ten thousands digit of 1079484051?
8
What is the hundred thousands digit of 16185024?
1
What is the thousands digit of 1026373561?
3
What is the ten thousands digit of 362019592?
1
What is the hundred thousands digit of 3273745625?
7
What is the tens digit of 34638741?
4
What is the millions digit of 337029720?
7
What is the units digit of 478720283?
3
What is the ten thousands digit of 1191167997?
6
What is the hundreds digit of 113059099?
0
What is the units digit of 850755291?
1
What is the units digit of 125175509?
9
What is the units digit of 19051970?
0
What is the hundred thousands digit of 720585436?
5
What is the ten millions digit of 893839346?
9
What is the hundred millions digit of 1139466348?
1
What is the billions digit of 1178699219?
1
What is the hundreds digit of 1640319870?
8
What is the hundreds digit of 73291612?
6
What is the hundred thousands digit of 676450517?
4
What is the thousands digit of 1331000630?
0
What is the units digit of 173650564?
4
What is the millions digit of 148097642?
8
What is the units digit of 502319943?
3
What is the ten millions digit of 308850270?
0
What is the ten thousands digit of 118031761?
3
What is the hundred millions digit of 258723542?
2
What is the hundred millions digit of 135928292?
1
What is the units digit of 173585865?
5
What is the hundred thousands digit of 117347089?
3
What is the tens digit of 25914318?
1
What is the tens digit of 7526042013?
1
What is the millions digit of 670785725?
0
What is the thousands digit of 341078262?
8
What is the ten thousands digit of 87774194?
7
What is the hundreds digit of 235565171?
1
What is the ten thousands digit of 2363837915?
3
What is the hundred thousands digit of 10768728?
7
What is the hundred thousands digit of 1938322003?
3
What is the millions digit of 34743587?
4
What is the tens digit of 253009836?
3
What is the hundred millions digit of 6310553212?
3
What is the tens digit of 15584962?
6
What is the ten millions digit of 435406767?
3
What is the hundreds digit of 24776175?
1
What is the hundred millions digit of 150572009?
1
What is the units digit of 497718432?
2
What is the ten thousands digit of 1261261071?
6
What is the hundred millions digit of 232209409?
2
What is the hundred millions digit of 1458989560?
4
What is the tens digit of 2080605804?
0
What is the ten millions digit of 216231559?
1
What is the hundreds digit of 70980203?
2
What is the hundred millions digit of 5179731580?
1
What is the ten thousands digit of 46244589?
4
What is the millions digit of 79139393?
9
What is the units digit of 7918437374?
4
What is the thousands digit of 73199975?
9
What is the units digit of 60316291?
1
What is the tens digit of 2009048067?
6
What is the units digit of 3143437555?
5
What is the millions digit of 134523142?
4
What is the ten millions digit of 26259898?
2
What is the thousands digit of 5143007?
3
What is the hundreds digit of 13882833?
8
What is the ten thousands digit of 5457499865?
9
What is the thousands digit of 613069393?
9
What is the ten thousands digit of 301540075?
4
What is the ten thousands digit of 4516971219?
7
What is the hundreds digit of 84411707?
7
What is the hundred thousands digit of 42807732?
8
What is the tens digit of 51224718?
1
What is the ten thousands digit of 20475334?
7
What is the millions digit of 243049392?
3
What is the ten millions digit of 30568497?
3
What is the ten millions digit of 2360761741?
6
What is the millions digit of 162827951?
2
What is the ten thousands digit of 89248875?
4
What is the ten millions digit of 99241640?
9
What is the ten thousands digit of 8096883?
9
What is the millions digit of 1000621669?
0
What is the units digit of 773092363?
3
What is the hundred thousands digit of 6916107548?
1
What is the thousands digit of 28676697?
6
What is the billions digit of 2944008936?
2
What is the thousands digit of 15033489?
3
What is the hundreds digit of 535990216?
2
What is the hundred thousands digit of 5973645685?
6
What is the hundred thousands digit of 1722018908?
0
What is the units digit of 75851625?
5
What is the hundred millions digit of 3634832222?
6
What is the millions digit of 87631493?
7
What is the tens digit of 580316337?
3
What is the units digit of 964776071?
1
What is the thousands digit of 145561850?
1
What is the millions digit of 221529959?
1
What is the hundreds digit of 3787428048?
0
What is the hundred millions digit of 1116268464?
1
What is the hundreds digit of 1671703371?
3
What is the tens digit of 2676017783?
8
What is the hundred millions digit of 380047328?
3
What is the millions digit of 50637460?
0
What is the millions digit of 97955000?
7
What is the millions digit of 86738549?
6
What is the units digit of 220096410?
0
What is the hundreds digit of 34958044?
0
What is the hundreds digit of 68791952?
9
What is the ten millions digit of 867528962?
6
What is the ten thousands digit of 119871210?
7
What is the units digit of 5015224210?
0
What is the units digit of 799443835?
5
What is the ten millions digit of 427796379?
2
What is the thousands digit of 42433737?
3
What is the hundred thousands digit of 1968891047?
8
What is the hundred millions digit of 925392920?
9
What is the billions digit of 6477142040?
6
What is the thousands digit of 3698744248?
4
What is the tens digit of 3491803745?
4
What is the hundred thousands digit of 157717134?
7
What is the thousands digit of 89184601?
4
What is the tens digit of 3692063886?
8
What is the ten millions digit of 139632501?
3
What is the millions digit of 23137694?
3
What is the tens digit of 190602834?
3
What is the millions digit of 5783403713?
3
What is the hundreds digit of 492884122?
1
What is the ten thousands digit of 1058776499?
7
What is the ten millions digit of 64742429?
6
What is the ten thousands digit of 1870679290?
7
What is the hundreds digit of 2914472502?
5
What is the hundred thousands digit of 341067562?
0
What is the thousands digit of 2630891519?
1
What is the tens digit of 71096748?
4
What is the hundreds digit of 405975364?
3
What is the tens digit of 11518020?
2
What is the tens digit of 158612083?
8
What is the hundred thousands digit of 9166814?
1
What is the units digit of 2567034982?
2
What is the ten thousands digit of 909262386?
6
What is the ten thousands digit of 41945685?
4
What is the hundred millions digit of 182239520?
1
What is the hundred millions digit of 216117038?
2
What is the ten thousands digit of 874114?
7
What is the ten millions digit of 357837785?
5
What is the ten thousands digit of 175309658?
0
What is the billions digit of 2916097829?
2
What is the ten thousands digit of 17541198?
4
What is the tens digit of 115513750?
5
What is the hundred thousands digit of 1138777305?
7
What is the millions digit of 144491793?
4
What is the hundreds digit of 511700297?
2
What is the hundred thousands digit of 221243131?
2
What is the millions digit of 14783103?
4
What is the thousands digit of 273094787?
4
What is the hundred thousands digit of 160177020?
1
What is the units digit of 355909831?
1
What is the ten thousands digit of 545867857?
6
What is the units digit of 1430191076?
6
What is the thousands digit of 246851630?
1
What is the hundreds digit of 319511022?
0
What is the units digit of 99031769?
9
What is the hundred thousands digit of 529373768?
3
What is the millions digit of 69289269?
9
What is the millions digit of 11749041?
1
What is the tens digit of 1612919152?
5
What is the ten millions digit of 1866878966?
6
What is the billions digit of 2283372066?
2
What is the billions digit of 1564684222?
1
What is the tens digit of 78568389?
8
What is the billions digit of 4603844262?
4
What is the hundred millions d